d millions digit of 571265855?
5
What is the ten thousands digit of 2664085639?
8
What is the ten thousands digit of 113373464?
7
What is the hundred millions digit of 1949788014?
9
What is the ten thousands digit of 1249269182?
6
What is the hundred thousands digit of 7234164502?
1
What is the billions digit of 1570593027?
1
What is the millions digit of 167921459?
7
What is the tens digit of 5862453291?
9
What is the ten millions digit of 3354253889?
5
What is the millions digit of 5263710942?
3
What is the millions digit of 127420057?
7
What is the units digit of 40854468?
8
What is the ten millions digit of 106831604?
0
What is the ten millions digit of 826281166?
2
What is the units digit of 29174579?
9
What is the ten thousands digit of 6160685?
6
What is the hundred thousands digit of 965542578?
5
What is the units digit of 55625933?
3
What is the millions digit of 539907188?
9
What is the hundred thousands digit of 893347410?
3
What is the millions digit of 6904708100?
4
What is the ten millions digit of 1885087014?
8
What is the thousands digit of 141112136?
2
What is the hundred thousands digit of 3072397278?
3
What is the ten thousands digit of 7825442086?
4
What is the ten thousands digit of 2195995?
9
What is the units digit of 328214541?
1
What is the ten thousands digit of 16083968?
8
What is the ten millions digit of 17171817?
1
What is the millions digit of 2321788679?
1
What is the units digit of 358282556?
6
What is the units digit of 667070286?
6
What is the units digit of 34850855?
5
What is the millions digit of 443611943?
3
What is the thousands digit of 31801828?
1
What is the hundred millions digit of 382216916?
3
What is the hundred thousands digit of 1181994192?
9
What is the hundreds digit of 1401235983?
9
What is the hundred millions digit of 163169212?
1
What is the tens digit of 288772951?
5
What is the hundred millions digit of 201073276?
2
What is the thousands digit of 59719404?
9
What is the hundreds digit of 181391214?
2
What is the hundreds digit of 38039185?
1
What is the ten thousands digit of 1322043968?
4
What is the hundreds digit of 2736014?
0
What is the thousands digit of 805985943?
5
What is the ten millions digit of 2415169912?
1
What is the millions digit of 720800230?
0
What is the hundred thousands digit of 69218992?
2
What is the thousands digit of 641276499?
6
What is the units digit of 132946767?
7
What is the hundred millions digit of 2340549077?
3
What is the ten millions digit of 388272227?
8
What is the millions digit of 2240608231?
0
What is the millions digit of 618198388?
8
What is the millions digit of 771152809?
1
What is the thousands digit of 54060905?
0
What is the hundred millions digit of 128329770?
1
What is the hundred thousands digit of 139352847?
3
What is the millions digit of 11442757?
1
What is the ten millions digit of 942987878?
4
What is the thousands digit of 147614777?
4
What is the units digit of 14490606?
6
What is the hundreds digit of 367958292?
2
What is the tens digit of 6329102787?
8
What is the units digit of 185775196?
6
What is the ten thousands digit of 1500737979?
3
What is the hundred millions digit of 1476225762?
4
What is the ten millions digit of 7440839943?
4
What is the thousands digit of 377283681?
3
What is the ten millions digit of 158857731?
5
What is the millions digit of 115553586?
5
What is the thousands digit of 1100979324?
9
What is the ten millions digit of 37524027?
3
What is the millions digit of 16387119?
6
What is the ten millions digit of 327892468?
2
What is the hundreds digit of 2406900?
9
What is the ten millions digit of 5454489921?
5
What is the thousands digit of 365448346?
8
What is the ten millions digit of 609391773?
0
What is the tens digit of 5318636?
3
What is the units digit of 495146941?
1
What is the tens digit of 37474580?
8
What is the units digit of 1483988864?
4
What is the hundred thousands digit of 217704553?
7
What is the hundred millions digit of 149246325?
1
What is the tens digit of 262988714?
1
What is the hundreds digit of 2709448615?
6
What is the tens digit of 1345945239?
3
What is the ten thousands digit of 27810694?
1
What is the hundred millions digit of 431763905?
4
What is the ten millions digit of 41105995?
4
What is the units digit of 652994593?
3
What is the thousands digit of 44727238?
7
What is the units digit of 505717987?
7
What is the ten millions digit of 17185828?
1
What is the tens digit of 57280670?
7
What is the tens digit of 56076528?
2
What is the thousands digit of 71498616?
8
What is the hundreds digit of 592461656?
6
What is the ten millions digit of 93129439?
9
What is the millions digit of 223766201?
3
What is the ten millions digit of 3625875139?
2
What is the tens digit of 2826782346?
4
What is the millions digit of 16282267?
6
What is the hundred millions digit of 395750240?
3
What is the ten millions digit of 376048509?
7
What is the hundreds digit of 101059696?
6
What is the ten millions digit of 46301891?
4
What is the thousands digit of 51057492?
7
What is the units digit of 1070953190?
0
What is the millions digit of 120350190?
0
What is the hundred thousands digit of 91959641?
9
What is the hundred millions digit of 1351560387?
3
What is the millions digit of 1981020689?
1
What is the millions digit of 803378791?
3
What is the hundreds digit of 13399465?
4
What is the hundred millions digit of 134893170?
1
What is the ten thousands digit of 184892207?
9
What is the thousands digit of 3883164?
3
What is the thousands digit of 60113586?
3
What is the thousands digit of 115687682?
7
What is the ten millions digit of 574218035?
7
What is the millions digit of 1096113271?
6
What is the ten millions digit of 25472582?
2
What is the ten thousands digit of 45520493?
2
What is the hundred millions digit of 1593175497?
5
What is the hundreds digit of 189166601?
6
What is the tens digit of 3618700225?
2
What is the hundred millions digit of 717100248?
7
What is the hundreds digit of 254492633?
6
What is the ten thousands digit of 2461345558?
4
What is the ten thousands digit of 846776565?
7
What is the ten thousands digit of 2124543473?
4
What is the tens digit of 1015369938?
3
What is the tens digit of 45725231?
3
What is the hundred millions digit of 171578964?
1
What is the ten thousands digit of 4412257914?
5
What is the tens digit of 1664238576?
7
What is the units digit of 3612906892?
2
What is the tens digit of 2006406175?
7
What is the thousands digit of 57884230?
4
What is the hundred millions digit of 1124281238?
1
What is the ten thousands digit of 1143351574?
5
What is the units digit of 561973994?
4
What is the units digit of 380199823?
3
What is the ten millions digit of 26665857?
2
What is the units digit of 392892648?
8
What is the hundreds digit of 83974229?
2
What is the hundreds digit of 63408142?
1
What is the hundred thousands digit of 1480258330?
2
What is the hundred millions digit of 1520983346?
5
What is the millions digit of 64721624?
4
What is the hundred thousands digit of 353697658?
6
What is the hundred thousands digit of 258007053?
0
What is the ten thousands digit of 704713951?
1
What is the tens digit of 39986123?
2
What is the units digit of 59734878?
8
What is the units digit of 1304885134?
4
What is the ten thousands digit of 142325514?
2
What is the ten millions digit of 226564025?
2
What is the hundred thousands digit of 272826929?
8
What is the billions digit of 4387120202?
4
What is the hundreds digit of 949719404?
4
What is the hundreds digit of 68735404?
4
What is the ten thousands digit of 637843151?
4
What is the tens digit of 491879403?
0
What is the tens digit of 980841427?
2
What is the hundred thousands digit of 77522388?
5
What is the thousands digit of 5135347?
5
What is the tens digit of 608242136?
3
What is the thousands digit of 1449880942?
0
What is the millions digit of 77866184?
7
What is the tens digit of 553336112?
1
What is the thousands digit of 53138101?
8
What is the tens digit of 1314019214?
1
What is the ten thousands digit of 2367713585?
1
What is the millions digit of 732400507?
2
What is the hundred millions digit of 2053875221?
0
What is the units digit of 252299075?
5
What is the hundred millions digit of 6580